p + 4*n = 17. Calculate the greatest common factor of 77 and p.
11
Let k = 12 + 14. Calculate the highest common divisor of 104 and k.
26
Suppose 4*o - 8*o + 36 = 0. Calculate the highest common factor of 45 and o.
9
Let x(i) = 7*i - 1. Let h(j) = -j. Let o(r) = -2*h(r) + x(r). Let q be o(1). What is the greatest common factor of 48 and q?
8
Let o(t) = -10*t - 4. Let c(v) = v**2 + 4*v. Let z be c(-2). Let a be o(z). Calculate the greatest common factor of 54 and a.
18
Suppose 121 = -2*u - 279. Let t be u/(-15)*(-9)/(-4). What is the greatest common factor of t and 12?
6
Suppose 5*b - 3*z - 170 = 0, 0 = -2*b + 2*z + 38 + 34. What is the greatest common divisor of b and 217?
31
Let x(f) = -f**3 - 3*f**2 - 6*f + 4. Let d be x(-5). What is the greatest common divisor of 42 and d?
42
Let q be (29 - -3)/((-2)/2 - -2). Let y(j) = -j**3 - 7*j**2 - 6*j + 4. Let l be y(-6). What is the highest common factor of l and q?
4
Let o = -802 - -1424. Suppose 2*g = -4*j - o, -887 = 5*j + g - 114. Let z be 1/(-2) - j/4. What is the highest common factor of z and 95?
19
Let f = 4 + 8. Let s(a) = -2*a**3 - a**2 - 2*a - 2. Let c be s(-2). Suppose 0*q + 5*q + 2*i = c, q = i + 7. Calculate the highest common divisor of q and f.
4
Suppose -5*g = -u - 2, -2*g - g = 5*u - 18. Suppose -j - 60 = -u*j. What is the greatest common factor of j and 6?
6
Let h be (-3 + 9)*7/2. What is the highest common divisor of h and 168?
21
Suppose 0 = -0*o + o - 50. Let d(m) = m**3 + 4*m**2 - 4. Let l be d(-3). What is the highest common factor of l and o?
5
Suppose 98 = 6*q + q. Calculate the greatest common factor of q and 2.
2
Let m(z) = 2*z**2 + 2*z - 6. Let n be m(-3). Calculate the greatest common divisor of 3 and n.
3
Let d = -13 + 33. Let z = d + -7. What is the greatest common factor of z and 26?
13
Let h = 92 - 60. Suppose -7*v = -5*v - h. Calculate the greatest common factor of v and 144.
16
Let x(p) = -4*p + 5*p + 6 + 7. Let s be x(-10). Suppose -3*z + 237 = -3*n, -s*z = z + n - 341. Calculate the highest common divisor of 21 and z.
21
Let o = -2 - -4. Suppose 0*z = o*z. Suppose -2*r + z*w + 29 = w, 2*r - 49 = -5*w. What is the highest common divisor of 108 and r?
12
Let t(z) = 3*z**2 - 1. Let g be t(1). Suppose 14 = 4*p - 10. Suppose -2*q + 1 + p = -5*b, 0 = -b + 1. Calculate the highest common divisor of q and g.
2
Let b(x) = x**2 - 6*x + 2. Let j be b(8). Let q = j - 1. Let u = 264 + -145. Calculate the highest common factor of q and u.
17
Suppose 8 = 5*u - u. Let n = 41 + -25. What is the greatest common divisor of u and n?
2
Let g(u) = u**3 - 8*u**2 + 6. Suppose -2*h - 6 = y, -1 = -h + 5*y - 4. Let j be (-2)/h - (-66)/9. Let f be g(j). What is the highest common divisor of 6 and f?
6
Suppose 4*r - 6*r = -260. Suppose 5*o + s = 6*s + r, 3*o = -4*s + 64. Calculate the highest common factor of o and 12.
12
Let x be ((-118)/(-10))/(7/35). Let z = -21 + x. Calculate the greatest common divisor of z and 19.
19
Let l = 3 + 19. What is the greatest common factor of l and 11?
11
Let u(f) = -3*f - 24. Let d be u(-9). What is the highest common divisor of 2 and d?
1
Let s be (1 - -1)/(4/14). Let h = -3 + s. Let y be -1 - -2 - (0 + -3). What is the highest common factor of y and h?
4
Suppose 14*b + 140 = 19*b. What is the highest common divisor of b and 224?
28
Let j(i) = 18*i**3 - i**2 + 1. Let a be j(1). Let t = -3 - 8. Let w = t + 17. What is the highest common factor of w and a?
6
Suppose 0 = -3*n - 4*b - 0*b + 26, -2*n - 4*b = -20. Calculate the highest common divisor of 42 and n.
6
Let o be (1*-1)/(2/58). Let b = 53 + o. Let d be ((-42)/14)/(6/(-16)). Calculate the greatest common divisor of b and d.
8
Let w(n) = 2*n**2 - 1 - 3*n**2 - 6*n + 0. Let i be w(-5). Calculate the highest common factor of 28 and i.
4
Let i = -15 + 81. What is the greatest common factor of 22 and i?
22
Let p be 1*-7*(-3 - 0). Suppose -3*u = -p - 9. Suppose 3*y = 2*k - 32, -3*k + k + 16 = y. What is the greatest common divisor of k and u?
10
Suppose p = -p + y + 68, 0 = 2*p + 3*y - 52. Calculate the greatest common factor of p and 80.
16
Suppose -t = 5*h - 52, t = 3*h - 2*t - 24. Calculate the greatest common factor of 5 and h.
5
Suppose 0 = 2*i - 3*q + 5, i = -0*q - q + 5. Suppose 18 - i = 4*d. Calculate the greatest common factor of d and 28.
4
Let d(a) = -4*a + 1. Let y be d(-1). Let p = 53 + 29. Let b be (1 - p/2)/(-1). What is the greatest common divisor of b and y?
5
Let i(j) = -j - 3. Let k be i(-13). What is the greatest common divisor of 10 and k?
10
Let l be 15/(-20) - (-94)/8. Calculate the greatest common factor of l and 55.
11
Suppose 0 = -4*q + 5*a + 275, 343 + 11 = 5*q + 4*a. What is the greatest common divisor of 10 and q?
10
Let x = 18 + 198. Let c = 329 - -95. Suppose 5*h - x = c. What is the greatest common factor of h and 16?
16
Suppose 3*b - 9 = 9. Calculate the greatest common divisor of 42 and b.
6
Let u be (-2)/10 + (-976)/(-80). Calculate the highest common factor of 96 and u.
12
Let n = -37 - -47. Calculate the highest common divisor of 40 and n.
10
Let x = 47 + -36. What is the highest common factor of x and 11?
11
Let p = 18 - -33. Suppose 0 = j - 4*j + p. Suppose 0 = 3*s - 2*m - 2, -s + 5*m - j = s. Calculate the highest common factor of 44 and s.
4
Let b = -2 - -4. Let h be 450/4 - b/4. What is the greatest common divisor of h and 16?
16
Suppose 0 = 13*p - 17*p + 20. Suppose 4*c - 203 = -d, -d - 3*d = -p*c + 280. What is the highest common factor of c and 13?
13
Let u(x) = -x**3 - 13*x**2 + 30*x + 20. Let l be u(-15). What is the highest common divisor of l and 8?
4
Suppose 83 = 2*n - 255. What is the highest common divisor of 13 and n?
13
Suppose 0 = -f + 3*g + 37, -2*f - 6*g = -3*g - 110. What is the greatest common factor of f and 49?
49
Let f be (-1 + 0)*(-7 + 1). Suppose 0 = 4*o - 2*o. Suppose y = -o*y + 18. Calculate the greatest common factor of y and f.
6
Let b be (4 - 6)*(-1)/(-2). Let d(l) = -236*l - 2. Let t be d(b). Calculate the highest common factor of 26 and t.
26
Suppose -n + 9 = -5. Let a = n + -10. Calculate the highest common factor of a and 16.
4
Let i be -2*3/(-10)*5. Suppose 3*u + l = -0*l + 14, -16 = -i*u - 2*l. Suppose -5*z + u = -1. Calculate the highest common factor of z and 9.
1
Let g = 196 + -36. Suppose -5*u + u = -g. Calculate the highest common factor of 20 and u.
20
Let b = -377 - -585. What is the greatest common divisor of b and 26?
26
Let u = -2 + 8. Calculate the greatest common divisor of u and 60.
6
Suppose -2*f = 3*t + 9 - 91, -3*f + 18 = t. Calculate the greatest common factor of 20 and t.
10
Let p(q) = -q**2 - 10*q - 14. Let o be p(-8). Calculate the highest common divisor of o and 7.
1
Let j(w) = 14*w + w**3 + 133 - 128 + 12*w**2 - w. Let u be j(-10). Calculate the greatest common divisor of 15 and u.
15
Suppose 0 = -0*g - 5*g - 2*z, 0 = -4*z - 20. Suppose 4*w + 3*t - 9 - 9 = 0, -3*w - g*t = -14. What is the greatest common divisor of 4 and w?
2
Let h be 1 + -2 - (-4)/(-2). Let n = h - -42. Let v = 369 + -356. What is the greatest common factor of v and n?
13
Let n = -100 + 177. Calculate the greatest common divisor of n and 7.
7
Let k = -13 + 17. What is the greatest common divisor of 4 and k?
4
Suppose -c + 75 = 4*c. Suppose -s + 516 = 5*v - 4*s, 0 = -s + 3. Calculate the greatest common factor of v and c.
15
Let s = 3 - 1. Suppose s*r - 120 = -2*r. Let p be r/(-4)*(-8)/3. What is the greatest common divisor of 30 and p?
10
Let u be -1*2 + -6 + 23. Let w = u - 7. Calculate the greatest common divisor of 40 and w.
8
Let s(q) = -q - 13. Let a be s(-14). Calculate the greatest common factor of a and 7.
1
Let n = 18 - 6. Let t be 12/2 + -12 + n. Let m = -1 - -19. What is the highest common factor of t and m?
6
Suppose 2*o = -4*g + 16, -o = -4*g - 2*o + 14. Calculate the highest common divisor of 2 and g.
1
Suppose 0 = 8*h - 9 - 223. What is the greatest common divisor of 145 and h?
29
Let q be 10/(-5) - (0 - 30). Suppose -y - q = -3*y. Let d be (1/2)/(2/392). What is the greatest common divisor of d and y?
14
Suppose 0 = -2*b - 0*b + 10. Let i = b + -1. Suppose 2*u - 5*u + 3 = 0. Calculate the highest common divisor of u and i.
1
Let h(r) = -6*r - 10. Let v be h(-3). What is the highest common divisor of 24 and v?
8
Let x(z) = -z 